{"id":832,"date":"2025-08-21T21:01:57","date_gmt":"2025-08-22T01:01:57","guid":{"rendered":"https:\/\/cosabe.edu.bo\/apps\/luz-verde\/?page_id=832"},"modified":"2025-08-21T21:09:27","modified_gmt":"2025-08-22T01:09:27","slug":"radar_nota7-2","status":"publish","type":"page","link":"https:\/\/cosabe.edu.bo\/apps\/luz-verde\/index.php\/radar\/radar_nota7-2\/","title":{"rendered":"San Bernardo: El brillo de un colegio que desfil\u00f3 con el alma"},"content":{"rendered":"\t\t<div data-elementor-type=\"wp-page\" data-elementor-id=\"832\" class=\"elementor elementor-832\">\n\t\t\t\t<div class=\"elementor-element elementor-element-a2cbc7e e-flex e-con-boxed wpr-particle-no wpr-jarallax-no wpr-parallax-no wpr-sticky-section-no wpr-column-slider-no wpr-equal-height-no e-con e-parent\" data-id=\"a2cbc7e\" data-element_type=\"container\" data-e-type=\"container\">\n\t\t\t\t\t<div class=\"e-con-inner\">\n\t\t\t\t<div class=\"elementor-element elementor-element-1a6e8a3 wpr-main-menu-align-left wpr-main-menu-align--tabletleft wpr-main-menu-align--mobileleft wpr-pointer-underline wpr-pointer-line-fx wpr-pointer-fx-fade wpr-sub-icon-caret-down wpr-sub-menu-fx-fade wpr-nav-menu-bp-mobile wpr-mobile-menu-full-width wpr-mobile-menu-item-align-center wpr-mobile-toggle-v1 wpr-sub-divider-yes wpr-mobile-divider-yes elementor-widget elementor-widget-wpr-nav-menu\" data-id=\"1a6e8a3\" data-element_type=\"widget\" data-e-type=\"widget\" data-settings=\"{&quot;menu_layout&quot;:&quot;horizontal&quot;}\" data-widget_type=\"wpr-nav-menu.default\">\n\t\t\t\t<div class=\"elementor-widget-container\">\n\t\t\t\t\t<nav class=\"wpr-nav-menu-container wpr-nav-menu-horizontal\" data-trigger=\"hover\" data-consider-header=\"\" data-scroll-speed=\"500\"><ul id=\"menu-1-1a6e8a3\" class=\"wpr-nav-menu\"><li class=\"menu-item menu-item-type-post_type menu-item-object-page menu-item-home menu-item-124\"><a href=\"https:\/\/cosabe.edu.bo\/apps\/luz-verde\/\" class=\"wpr-menu-item wpr-pointer-item\">Inicio<\/a><\/li>\n<li class=\"menu-item menu-item-type-post_type menu-item-object-page menu-item-631\"><a href=\"https:\/\/cosabe.edu.bo\/apps\/luz-verde\/index.php\/historia\/\" class=\"wpr-menu-item wpr-pointer-item\">Historia<\/a><\/li>\n<li class=\"menu-item menu-item-type-post_type menu-item-object-page menu-item-632\"><a href=\"https:\/\/cosabe.edu.bo\/apps\/luz-verde\/index.php\/arte\/\" class=\"wpr-menu-item wpr-pointer-item\">D&#8217;arte<\/a><\/li>\n<li class=\"menu-item menu-item-type-post_type menu-item-object-page menu-item-637\"><a href=\"https:\/\/cosabe.edu.bo\/apps\/luz-verde\/index.php\/codigoabiertoindex\/\" class=\"wpr-menu-item wpr-pointer-item\">C\u00f3digo abierto<\/a><\/li>\n<li class=\"menu-item menu-item-type-post_type menu-item-object-page menu-item-633\"><a href=\"https:\/\/cosabe.edu.bo\/apps\/luz-verde\/index.php\/cracks\/\" class=\"wpr-menu-item wpr-pointer-item\">Cracks<\/a><\/li>\n<li class=\"menu-item menu-item-type-post_type menu-item-object-page menu-item-636\"><a href=\"https:\/\/cosabe.edu.bo\/apps\/luz-verde\/index.php\/editorial\/\" class=\"wpr-menu-item wpr-pointer-item\">Editorial<\/a><\/li>\n<li class=\"menu-item menu-item-type-post_type menu-item-object-page menu-item-638\"><a href=\"https:\/\/cosabe.edu.bo\/apps\/luz-verde\/index.php\/luzpedagogica\/\" class=\"wpr-menu-item wpr-pointer-item\">Luz pedag\u00f3gica<\/a><\/li>\n<li class=\"menu-item menu-item-type-post_type menu-item-object-page menu-item-634\"><a href=\"https:\/\/cosabe.edu.bo\/apps\/luz-verde\/index.php\/padresconectados\/\" class=\"wpr-menu-item wpr-pointer-item\">Padres conectados<\/a><\/li>\n<li class=\"menu-item menu-item-type-post_type menu-item-object-page menu-item-635\"><a href=\"https:\/\/cosabe.edu.bo\/apps\/luz-verde\/index.php\/radar\/\" class=\"wpr-menu-item wpr-pointer-item\">Radar<\/a><\/li>\n<\/ul><\/nav><nav class=\"wpr-mobile-nav-menu-container\"><div class=\"wpr-mobile-toggle-wrap\"><div class=\"wpr-mobile-toggle\"><span class=\"wpr-mobile-toggle-line\"><\/span><span class=\"wpr-mobile-toggle-line\"><\/span><span class=\"wpr-mobile-toggle-line\"><\/span><\/div><\/div><ul id=\"mobile-menu-2-1a6e8a3\" class=\"wpr-mobile-nav-menu\"><li class=\"menu-item menu-item-type-post_type menu-item-object-page menu-item-home menu-item-124\"><a href=\"https:\/\/cosabe.edu.bo\/apps\/luz-verde\/\" class=\"wpr-mobile-menu-item\">Inicio<\/a><\/li>\n<li class=\"menu-item menu-item-type-post_type menu-item-object-page menu-item-631\"><a href=\"https:\/\/cosabe.edu.bo\/apps\/luz-verde\/index.php\/historia\/\" class=\"wpr-mobile-menu-item\">Historia<\/a><\/li>\n<li class=\"menu-item menu-item-type-post_type menu-item-object-page menu-item-632\"><a href=\"https:\/\/cosabe.edu.bo\/apps\/luz-verde\/index.php\/arte\/\" class=\"wpr-mobile-menu-item\">D&#8217;arte<\/a><\/li>\n<li class=\"menu-item menu-item-type-post_type menu-item-object-page menu-item-637\"><a href=\"https:\/\/cosabe.edu.bo\/apps\/luz-verde\/index.php\/codigoabiertoindex\/\" class=\"wpr-mobile-menu-item\">C\u00f3digo abierto<\/a><\/li>\n<li class=\"menu-item menu-item-type-post_type menu-item-object-page menu-item-633\"><a href=\"https:\/\/cosabe.edu.bo\/apps\/luz-verde\/index.php\/cracks\/\" class=\"wpr-mobile-menu-item\">Cracks<\/a><\/li>\n<li class=\"menu-item menu-item-type-post_type menu-item-object-page menu-item-636\"><a href=\"https:\/\/cosabe.edu.bo\/apps\/luz-verde\/index.php\/editorial\/\" class=\"wpr-mobile-menu-item\">Editorial<\/a><\/li>\n<li class=\"menu-item menu-item-type-post_type menu-item-object-page menu-item-638\"><a href=\"https:\/\/cosabe.edu.bo\/apps\/luz-verde\/index.php\/luzpedagogica\/\" class=\"wpr-mobile-menu-item\">Luz pedag\u00f3gica<\/a><\/li>\n<li class=\"menu-item menu-item-type-post_type menu-item-object-page menu-item-634\"><a href=\"https:\/\/cosabe.edu.bo\/apps\/luz-verde\/index.php\/padresconectados\/\" class=\"wpr-mobile-menu-item\">Padres conectados<\/a><\/li>\n<li class=\"menu-item menu-item-type-post_type menu-item-object-page menu-item-635\"><a href=\"https:\/\/cosabe.edu.bo\/apps\/luz-verde\/index.php\/radar\/\" class=\"wpr-mobile-menu-item\">Radar<\/a><\/li>\n<\/ul><\/nav>\t\t\t\t<\/div>\n\t\t\t\t<\/div>\n\t\t\t\t\t<\/div>\n\t\t\t\t<\/div>\n\t\t<div class=\"elementor-element elementor-element-iRcJH61 e-flex e-con-boxed wpr-particle-no wpr-jarallax-no wpr-parallax-no wpr-sticky-section-no wpr-column-slider-no wpr-equal-height-no e-con e-parent\" data-id=\"iRcJH61\" data-element_type=\"container\" data-e-type=\"container\">\n\t\t\t\t\t<div class=\"e-con-inner\">\n\t\t<div class=\"elementor-element elementor-element-S4R03ZI e-con-full e-flex wpr-particle-no wpr-jarallax-no wpr-parallax-no wpr-sticky-section-no wpr-column-slider-no wpr-equal-height-no e-con e-child\" data-id=\"S4R03ZI\" data-element_type=\"container\" data-e-type=\"container\">\n\t\t<div class=\"elementor-element elementor-element-bf51c95 e-con-full e-flex wpr-particle-no wpr-jarallax-no wpr-parallax-no wpr-sticky-section-no wpr-column-slider-no wpr-equal-height-no e-con e-child\" data-id=\"bf51c95\" data-element_type=\"container\" data-e-type=\"container\">\n\t\t\t\t<div class=\"elementor-element elementor-element-b84470c elementor-widget elementor-widget-heading\" data-id=\"b84470c\" data-element_type=\"widget\" data-e-type=\"widget\" data-widget_type=\"heading.default\">\n\t\t\t\t<div class=\"elementor-widget-container\">\n\t\t\t\t\t<h2 class=\"elementor-heading-title elementor-size-default\">San Bernardo: El brillo de un colegio que desfil\u00f3 con el alma <\/h2>\t\t\t\t<\/div>\n\t\t\t\t<\/div>\n\t\t<div class=\"elementor-element elementor-element-cb63092 e-con-full e-flex wpr-particle-no wpr-jarallax-no wpr-parallax-no wpr-sticky-section-no wpr-column-slider-no wpr-equal-height-no e-con e-child\" data-id=\"cb63092\" data-element_type=\"container\" data-e-type=\"container\">\n\t\t<div class=\"elementor-element elementor-element-e81a8ed e-con-full e-flex wpr-particle-no wpr-jarallax-no wpr-parallax-no wpr-sticky-section-no wpr-column-slider-no wpr-equal-height-no e-con e-child\" data-id=\"e81a8ed\" data-element_type=\"container\" data-e-type=\"container\">\n\t\t\t\t<div class=\"elementor-element elementor-element-972e9ea elementor-arrows-position-inside elementor-pagination-position-outside elementor-widget elementor-widget-image-carousel\" data-id=\"972e9ea\" data-element_type=\"widget\" data-e-type=\"widget\" data-settings=\"{&quot;navigation&quot;:&quot;both&quot;,&quot;autoplay&quot;:&quot;yes&quot;,&quot;pause_on_hover&quot;:&quot;yes&quot;,&quot;pause_on_interaction&quot;:&quot;yes&quot;,&quot;autoplay_speed&quot;:5000,&quot;infinite&quot;:&quot;yes&quot;,&quot;speed&quot;:500}\" data-widget_type=\"image-carousel.default\">\n\t\t\t\t<div class=\"elementor-widget-container\">\n\t\t\t\t\t\t\t<div class=\"elementor-image-carousel-wrapper swiper\" role=\"region\" aria-roledescription=\"carousel\" aria-label=\"Image Carousel\" dir=\"ltr\">\n\t\t\t<div class=\"elementor-image-carousel swiper-wrapper\" aria-live=\"off\">\n\t\t\t\t\t\t\t\t<div class=\"swiper-slide\" role=\"group\" aria-roledescription=\"slide\" aria-label=\"1 of 7\"><figure class=\"swiper-slide-inner\"><img decoding=\"async\" class=\"swiper-slide-image\" src=\"https:\/\/cosabe.edu.bo\/apps\/luz-verde\/wp-content\/uploads\/2025\/08\/012202e7-6109-409e-b431-936711f5c5fa-225x300.jpg\" alt=\"012202e7-6109-409e-b431-936711f5c5fa\" \/><\/figure><\/div><div class=\"swiper-slide\" role=\"group\" aria-roledescription=\"slide\" aria-label=\"2 of 7\"><figure class=\"swiper-slide-inner\"><img decoding=\"async\" class=\"swiper-slide-image\" src=\"https:\/\/cosabe.edu.bo\/apps\/luz-verde\/wp-content\/uploads\/2025\/08\/2555500c-2606-4f0e-b3f2-a07a27a434a5-225x300.jpg\" alt=\"2555500c-2606-4f0e-b3f2-a07a27a434a5\" \/><\/figure><\/div><div class=\"swiper-slide\" role=\"group\" aria-roledescription=\"slide\" aria-label=\"3 of 7\"><figure class=\"swiper-slide-inner\"><img decoding=\"async\" class=\"swiper-slide-image\" src=\"https:\/\/cosabe.edu.bo\/apps\/luz-verde\/wp-content\/uploads\/2025\/08\/ea738b09-138b-4726-8515-341222c63d5d-225x300.jpg\" alt=\"ea738b09-138b-4726-8515-341222c63d5d\" \/><\/figure><\/div><div class=\"swiper-slide\" role=\"group\" aria-roledescription=\"slide\" aria-label=\"4 of 7\"><figure class=\"swiper-slide-inner\"><img decoding=\"async\" class=\"swiper-slide-image\" src=\"https:\/\/cosabe.edu.bo\/apps\/luz-verde\/wp-content\/uploads\/2025\/08\/IMG_5310-200x300.jpg\" alt=\"IMG_5310\" \/><\/figure><\/div><div class=\"swiper-slide\" role=\"group\" aria-roledescription=\"slide\" aria-label=\"5 of 7\"><figure class=\"swiper-slide-inner\"><img decoding=\"async\" class=\"swiper-slide-image\" src=\"https:\/\/cosabe.edu.bo\/apps\/luz-verde\/wp-content\/uploads\/2025\/08\/IMG_5346-300x200.jpg\" alt=\"IMG_5346\" \/><\/figure><\/div><div class=\"swiper-slide\" role=\"group\" aria-roledescription=\"slide\" aria-label=\"6 of 7\"><figure class=\"swiper-slide-inner\"><img decoding=\"async\" class=\"swiper-slide-image\" src=\"https:\/\/cosabe.edu.bo\/apps\/luz-verde\/wp-content\/uploads\/2025\/08\/IMG_5465-300x200.jpg\" alt=\"IMG_5465\" \/><\/figure><\/div><div class=\"swiper-slide\" role=\"group\" aria-roledescription=\"slide\" aria-label=\"7 of 7\"><figure class=\"swiper-slide-inner\"><img decoding=\"async\" class=\"swiper-slide-image\" src=\"https:\/\/cosabe.edu.bo\/apps\/luz-verde\/wp-content\/uploads\/2025\/08\/IMG_5540-300x200.jpg\" alt=\"IMG_5540\" \/><\/figure><\/div>\t\t\t<\/div>\n\t\t\t\t\t\t\t\t\t\t\t\t<div class=\"elementor-swiper-button elementor-swiper-button-prev\" role=\"button\" tabindex=\"0\">\n\t\t\t\t\t\t<svg aria-hidden=\"true\" class=\"e-font-icon-svg e-eicon-chevron-left\" viewBox=\"0 0 1000 1000\" xmlns=\"http:\/\/www.w3.org\/2000\/svg\"><path d=\"M646 125C629 125 613 133 604 142L308 442C296 454 292 471 292 487 292 504 296 521 308 533L604 854C617 867 629 875 646 875 663 875 679 871 692 858 704 846 713 829 713 812 713 796 708 779 692 767L438 487 692 225C700 217 708 204 708 187 708 171 704 154 692 142 675 129 663 125 646 125Z\"><\/path><\/svg>\t\t\t\t\t<\/div>\n\t\t\t\t\t<div class=\"elementor-swiper-button elementor-swiper-button-next\" role=\"button\" tabindex=\"0\">\n\t\t\t\t\t\t<svg aria-hidden=\"true\" class=\"e-font-icon-svg e-eicon-chevron-right\" viewBox=\"0 0 1000 1000\" xmlns=\"http:\/\/www.w3.org\/2000\/svg\"><path d=\"M696 533C708 521 713 504 713 487 713 471 708 454 696 446L400 146C388 133 375 125 354 125 338 125 325 129 313 142 300 154 292 171 292 187 292 204 296 221 308 233L563 492 304 771C292 783 288 800 288 817 288 833 296 850 308 863 321 871 338 875 354 875 371 875 388 867 400 854L696 533Z\"><\/path><\/svg>\t\t\t\t\t<\/div>\n\t\t\t\t\n\t\t\t\t\t\t\t\t\t<div class=\"swiper-pagination\"><\/div>\n\t\t\t\t\t\t\t\t\t<\/div>\n\t\t\t\t\t\t<\/div>\n\t\t\t\t<\/div>\n\t\t\t\t<div class=\"elementor-element elementor-element-129d80a elementor-widget elementor-widget-text-editor\" data-id=\"129d80a\" data-element_type=\"widget\" data-e-type=\"widget\" data-widget_type=\"text-editor.default\">\n\t\t\t\t<div class=\"elementor-widget-container\">\n\t\t\t\t\t\t\t\t\t<p><strong><em>Por: Danitza Monta\u00f1o T.<\/em><\/strong><\/p><p>La ma\u00f1ana del aniversario amaneci\u00f3 distinta. El sol, t\u00edmido al principio, parec\u00eda tambi\u00e9n vestirse de fiesta mientras las puertas del colegio San Bernardo se abr\u00edan para recibir a su gente. En el aire flotaba una mezcla de perfumes sencillos: flores frescas, uniformes reci\u00e9n planchados y sobre todo esa emoci\u00f3n compartida, que s\u00f3lo se siente en los grandes d\u00edas.<\/p><p>Frente al colegio y con mucho amor, se fue armando la escena: los estudiantes destacados, con los rostros iluminados por la responsabilidad; la Promoci\u00f3n 2025, con ese orgullo adolescente de ser protagonistas de la historia; los chunchos promesantes, llevando en sus pasos el eco de la tradici\u00f3n y la peque\u00f1a bandita de k\u00ednder, cuyos sonidos arrancaban sonrisas de orgullo. Todo estaba listo para comenzar la gran procesi\u00f3n.<\/p><p>Cuando el santo San Bernardo fue alzado en hombros por los propios estudiantes, un silencio reverente cubri\u00f3 la multitud. El redoble de los tambores de los chunchos rompi\u00f3 la quietud y marc\u00f3 el inicio de la caminata hacia la iglesia Catedral. No era s\u00f3lo un trayecto, era un viaje al coraz\u00f3n mismo del colegio.<\/p><p>La misa celebrada por el p\u00e1rroco Alex Labra fue un momento de recogimiento profundo. Las voces se unieron en plegarias y en cada palabra se sinti\u00f3 la gratitud por los m\u00e1s de sesenta a\u00f1os de una obra que naci\u00f3 como un sue\u00f1o y que hoy es un legado vivo.<\/p><p>Pero al salir, la solemnidad dio paso a la alegr\u00eda. Autoridades, directivos, maestros, estudiantes, chunchos, la bandita de k\u00ednder, la banda de la Polic\u00eda y la banda invitada del colegio Eustaquio M\u00e9ndez se fundieron en un desfile vibrante que recorri\u00f3 la plaza Luis de Fuentes y trep\u00f3 por la calle Sucre. La ciudad entera parec\u00eda detenerse para contemplar el paso del colegio San Bernardo: las caseras aplaud\u00edan, los peatones sacaban fotos, los balcones se llenaban de curiosos. El orgullo era tan grande que los corazones lat\u00edan al ritmo de los bombos.<\/p><p>El desfile culmin\u00f3 frente al colegio, en su propio hogar, donde cada paso se transform\u00f3 en un homenaje. All\u00ed, la comunidad San Bernardina desfil\u00f3 con la frente en alto, rindiendo tributo a su historia y mientras el eco de los tambores y las palmas a\u00fan resonaban, la comunidad ingres\u00f3 al sal\u00f3n principal para dar inicio al acto central.<\/p><p>El acto protocolar se convirti\u00f3 en una sinfon\u00eda de emociones: la bienvenida solemne de los maestros de ceremonia, el himno a Tarija entonado con fuerza por el coro oficial, y el himno al colegio acompa\u00f1ado por la orquesta de c\u00e1mara, arranc\u00f3 m\u00e1s de una emoci\u00f3n a los presentes.<\/p><p>La directora general, Danitza Monta\u00f1o, tom\u00f3 la palabra y con voz firme record\u00f3 los inicios de aquel sue\u00f1o de 1962, un sue\u00f1o compartido que se multiplic\u00f3 en miles de historias personales, en miles de vidas transformadas. \u201cUn sue\u00f1o que hoy \u2014como dice el himno de San Bernardo\u2014 se funde en mil crisoles\u201d.<\/p><p>Luego, el presidente del Directorio, Gonzalo \u00c1vila, subray\u00f3 con orgullo el premio obtenido este a\u00f1o como Mejor Colegio de Bolivia, recordando que los reconocimientos llegan cuando la pasi\u00f3n, la disciplina y el amor por educar brillan.<\/p><p>El tiempo pareci\u00f3 detenerse en los momentos m\u00e1s simb\u00f3licos: la entrega de galardones, el descubrimiento de placas por parte de las promociones que celebraban 25 y 50 a\u00f1os, y el brindis final que uni\u00f3 a generaciones enteras bajo un mismo ideal.<\/p><p>El cierre no fue un final, sino un nuevo comienzo. Con copas alzadas y corazones encendidos, la comunidad San Bernardina sell\u00f3 la promesa de seguir so\u00f1ando y perfeccionando esta obra. Porque el San Bernardo ya no es s\u00f3lo un sue\u00f1o de 1962: es una realidad viva, que late en presente y en futuro.<\/p><p>Ese d\u00eda (20 de agosto), entre el redoble de los tambores, las notas de las bandas y los aplausos de una ciudad entera, el colegio record\u00f3 lo que siempre ha sido: historia, fe, orgullo y esperanza.<\/p>\t\t\t\t\t\t\t\t<\/div>\n\t\t\t\t<\/div>\n\t\t\t\t<\/div>\n\t\t\t\t<\/div>\n\t\t\t\t<\/div>\n\t\t\t\t<\/div>\n\t\t\t\t\t<\/div>\n\t\t\t\t<\/div>\n\t\t<div class=\"elementor-element elementor-element-5cc5f82 e-flex e-con-boxed wpr-particle-no wpr-jarallax-no wpr-parallax-no wpr-sticky-section-no wpr-column-slider-no wpr-equal-height-no e-con e-parent\" data-id=\"5cc5f82\" data-element_type=\"container\" data-e-type=\"container\">\n\t\t\t\t\t<div class=\"e-con-inner\">\n\t\t\t\t<div class=\"elementor-element elementor-element-5108662 elementor-widget elementor-widget-text-editor\" data-id=\"5108662\" data-element_type=\"widget\" data-e-type=\"widget\" data-widget_type=\"text-editor.default\">\n\t\t\t\t<div class=\"elementor-widget-container\">\n\t\t\t\t\t\t\t\t\t<p>Todos los derechos reservados para el Colegio San Bernardo de Tarija &#8211; Sb Comunica<\/p>\t\t\t\t\t\t\t\t<\/div>\n\t\t\t\t<\/div>\n\t\t\t\t\t<\/div>\n\t\t\t\t<\/div>\n\t\t\t\t<\/div>\n\t\t","protected":false},"excerpt":{"rendered":"<p>Inicio Historia D&#8217;arte C\u00f3digo abierto Cracks Editorial Luz pedag\u00f3gica Padres conectados Radar Inicio Historia D&#8217;arte C\u00f3digo abierto Cracks Editorial Luz pedag\u00f3gica Padres conectados Radar San Bernardo: El brillo de un colegio que desfil\u00f3 con el alma Por: Danitza Monta\u00f1o T. La ma\u00f1ana del aniversario amaneci\u00f3 distinta. El sol, t\u00edmido al principio, parec\u00eda tambi\u00e9n vestirse de fiesta mientras las puertas del colegio San Bernardo se abr\u00edan para recibir a su gente. En el aire flotaba una mezcla de perfumes sencillos: flores frescas, uniformes reci\u00e9n planchados y sobre todo esa emoci\u00f3n compartida, que s\u00f3lo se siente en los grandes d\u00edas. Frente al colegio y con mucho amor, se fue armando la escena: los estudiantes destacados, con los rostros iluminados por la responsabilidad; la Promoci\u00f3n 2025, con ese orgullo adolescente de ser protagonistas de la historia; los chunchos promesantes, llevando en sus pasos el eco de la tradici\u00f3n y la peque\u00f1a bandita de k\u00ednder, cuyos sonidos arrancaban sonrisas de orgullo. Todo estaba listo para comenzar la gran procesi\u00f3n. Cuando el santo San Bernardo fue alzado en hombros por los propios estudiantes, un silencio reverente cubri\u00f3 la multitud. El redoble de los tambores de los chunchos rompi\u00f3 la quietud y marc\u00f3 el inicio de la caminata hacia la iglesia Catedral. No era s\u00f3lo un trayecto, era un viaje al coraz\u00f3n mismo del colegio. La misa celebrada por el p\u00e1rroco Alex Labra fue un momento de recogimiento profundo. Las voces se unieron en plegarias y en cada palabra se sinti\u00f3 la gratitud por los m\u00e1s de sesenta a\u00f1os de una obra que naci\u00f3 como un sue\u00f1o y que hoy es un legado vivo. Pero al salir, la solemnidad dio paso a la alegr\u00eda. Autoridades, directivos, maestros, estudiantes, chunchos, la bandita de k\u00ednder, la banda de la Polic\u00eda y la banda invitada del colegio Eustaquio M\u00e9ndez se fundieron en un desfile vibrante que recorri\u00f3 la plaza Luis de Fuentes y trep\u00f3 por la calle Sucre. La ciudad entera parec\u00eda detenerse para contemplar el paso del colegio San Bernardo: las caseras aplaud\u00edan, los peatones sacaban fotos, los balcones se llenaban de curiosos. El orgullo era tan grande que los corazones lat\u00edan al ritmo de los bombos. El desfile culmin\u00f3 frente al colegio, en su propio hogar, donde cada paso se transform\u00f3 en un homenaje. All\u00ed, la comunidad San Bernardina desfil\u00f3 con la frente en alto, rindiendo tributo a su historia y mientras el eco de los tambores y las palmas a\u00fan resonaban, la comunidad ingres\u00f3 al sal\u00f3n principal para dar inicio al acto central. El acto protocolar se convirti\u00f3 en una sinfon\u00eda de emociones: la bienvenida solemne de los maestros de ceremonia, el himno a Tarija entonado con fuerza por el coro oficial, y el himno al colegio acompa\u00f1ado por la orquesta de c\u00e1mara, arranc\u00f3 m\u00e1s de una emoci\u00f3n a los presentes. La directora general, Danitza Monta\u00f1o, tom\u00f3 la palabra y con voz firme record\u00f3 los inicios de aquel sue\u00f1o de 1962, un sue\u00f1o compartido que se multiplic\u00f3 en miles de historias personales, en miles de vidas transformadas. \u201cUn sue\u00f1o que hoy \u2014como dice el himno de San Bernardo\u2014 se funde en mil crisoles\u201d. Luego, el presidente del Directorio, Gonzalo \u00c1vila, subray\u00f3 con orgullo el premio obtenido este a\u00f1o como Mejor Colegio de Bolivia, recordando que los reconocimientos llegan cuando la pasi\u00f3n, la disciplina y el amor por educar brillan. El tiempo pareci\u00f3 detenerse en los momentos m\u00e1s simb\u00f3licos: la entrega de galardones, el descubrimiento de placas por parte de las promociones que celebraban 25 y 50 a\u00f1os, y el brindis final que uni\u00f3 a generaciones enteras bajo un mismo ideal. El cierre no fue un final, sino un nuevo comienzo. Con copas alzadas y corazones encendidos, la comunidad San Bernardina sell\u00f3 la promesa de seguir so\u00f1ando y perfeccionando esta obra. Porque el San Bernardo ya no es s\u00f3lo un sue\u00f1o de 1962: es una realidad viva, que late en presente y en futuro. Ese d\u00eda (20 de agosto), entre el redoble de los tambores, las notas de las bandas y los aplausos de una ciudad entera, el colegio record\u00f3 lo que siempre ha sido: historia, fe, orgullo y esperanza. Todos los derechos reservados para el Colegio San Bernardo de Tarija &#8211; Sb Comunica<\/p>\n","protected":false},"author":1,"featured_media":0,"parent":532,"menu_order":0,"comment_status":"closed","ping_status":"closed","template":"elementor_canvas","meta":{"footnotes":""},"class_list":["post-832","page","type-page","status-publish","hentry"],"_links":{"self":[{"href":"https:\/\/cosabe.edu.bo\/apps\/luz-verde\/index.php\/wp-json\/wp\/v2\/pages\/832","targetHints":{"allow":["GET"]}}],"collection":[{"href":"https:\/\/cosabe.edu.bo\/apps\/luz-verde\/index.php\/wp-json\/wp\/v2\/pages"}],"about":[{"href":"https:\/\/cosabe.edu.bo\/apps\/luz-verde\/index.php\/wp-json\/wp\/v2\/types\/page"}],"author":[{"embeddable":true,"href":"https:\/\/cosabe.edu.bo\/apps\/luz-verde\/index.php\/wp-json\/wp\/v2\/users\/1"}],"replies":[{"embeddable":true,"href":"https:\/\/cosabe.edu.bo\/apps\/luz-verde\/index.php\/wp-json\/wp\/v2\/comments?post=832"}],"version-history":[{"count":4,"href":"https:\/\/cosabe.edu.bo\/apps\/luz-verde\/index.php\/wp-json\/wp\/v2\/pages\/832\/revisions"}],"predecessor-version":[{"id":843,"href":"https:\/\/cosabe.edu.bo\/apps\/luz-verde\/index.php\/wp-json\/wp\/v2\/pages\/832\/revisions\/843"}],"up":[{"embeddable":true,"href":"https:\/\/cosabe.edu.bo\/apps\/luz-verde\/index.php\/wp-json\/wp\/v2\/pages\/532"}],"wp:attachment":[{"href":"https:\/\/cosabe.edu.bo\/apps\/luz-verde\/index.php\/wp-json\/wp\/v2\/media?parent=832"}],"curies":[{"name":"wp","href":"https:\/\/api.w.org\/{rel}","templated":true}]}}